{"id":600,"date":"2026-04-16T13:59:04","date_gmt":"2026-04-16T11:59:04","guid":{"rendered":"https:\/\/admix.waw.pl\/?page_id=600"},"modified":"2026-04-16T14:01:54","modified_gmt":"2026-04-16T12:01:54","slug":"dofinansowanie-ze-srodkow-funduszu-ubezpieczen-spolecznych","status":"publish","type":"page","link":"https:\/\/admix.waw.pl\/?page_id=600","title":{"rendered":"Dofinansowanie ZUS"},"content":{"rendered":"\n<p><strong>W grudniu 2025 r. Admix sp. z o.o.  podpisa\u0142a umow\u0119 dotycz\u0105c\u0105 dofinansowania z Funduszu Ubezpiecze\u0144 Spo\u0142ecznych <\/strong>z programu dofinansowania p\u0142atnik\u00f3w sk\u0142adek w ramach prewencji wypadkowej na realizacj\u0119 projektu pod tytu\u0142em &#8222;Bezpieczna budowa sieci ciep\u0142owniczych&#8221;.<\/p>\n\n\n\n<p>W ramach umowy Sp\u00f3\u0142ka otrzyma\u0142a dofinasowanie w wysoko\u015bci 84 440,03 z\u0142, a ca\u0142kowita warto\u015b\u0107 Projektu wynosi\u00a0105 550,04 z\u0142. <\/p>\n\n\n\n<p>\u015arodki otrzymane w ramach umowy z ZUS przyczyni\u0105 si\u0119 do poprawy bezpiecze\u0144stwa podczas prowadzenia prac w wykopach poprzez zastosowanie odpowiednich obud\u00f3w, szalunk\u00f3w i wygrodze\u0144, a tak\u017ce asekuracji prac w komorach ciep\u0142owniczych i zmniejszenie ryzyka ekspozycji na dzia\u0142anie szkodliwych gaz\u00f3w. <\/p>\n\n\n\n<figure class=\"wp-block-image size-large\"><img loading=\"lazy\" decoding=\"async\" width=\"1024\" height=\"341\" src=\"https:\/\/admix.waw.pl\/wp-content\/uploads\/2026\/04\/image-1024x341.png\" alt=\"\" class=\"wp-image-601\" srcset=\"https:\/\/admix.waw.pl\/wp-content\/uploads\/2026\/04\/image-1024x341.png 1024w, https:\/\/admix.waw.pl\/wp-content\/uploads\/2026\/04\/image-300x100.png 300w, https:\/\/admix.waw.pl\/wp-content\/uploads\/2026\/04\/image-768x256.png 768w, https:\/\/admix.waw.pl\/wp-content\/uploads\/2026\/04\/image-1536x511.png 1536w, https:\/\/admix.waw.pl\/wp-content\/uploads\/2026\/04\/image-100x33.png 100w, https:\/\/admix.waw.pl\/wp-content\/uploads\/2026\/04\/image-150x50.png 150w, https:\/\/admix.waw.pl\/wp-content\/uploads\/2026\/04\/image-200x67.png 200w, https:\/\/admix.waw.pl\/wp-content\/uploads\/2026\/04\/image-450x150.png 450w, https:\/\/admix.waw.pl\/wp-content\/uploads\/2026\/04\/image-600x200.png 600w, https:\/\/admix.waw.pl\/wp-content\/uploads\/2026\/04\/image-900x300.png 900w, https:\/\/admix.waw.pl\/wp-content\/uploads\/2026\/04\/image.png 1751w\" sizes=\"auto, (max-width: 1024px) 100vw, 1024px\" \/><\/figure>\n\n\n\n<p><\/p>\n","protected":false},"excerpt":{"rendered":"<p>W grudniu 2025 r. Admix sp. z o.o. podpisa\u0142a umow\u0119 dotycz\u0105c\u0105 dofinansowania z Funduszu Ubezpiecze\u0144 Spo\u0142ecznych z programu dofinansowania p\u0142atnik\u00f3w sk\u0142adek w ramach prewencji wypadkowej na realizacj\u0119 projektu pod tytu\u0142em &#8222;Bezpieczna budowa sieci ciep\u0142owniczych&#8221;. W ramach umowy Sp\u00f3\u0142ka otrzyma\u0142a dofinasowanie &hellip;<\/p>\n<p class=\"read-more\"> <a class=\"more-link\" href=\"https:\/\/admix.waw.pl\/?page_id=600\"> <span class=\"screen-reader-text\">Dofinansowanie ZUS<\/span> Czytaj wi\u0119cej  &raquo;<\/a><\/p>\n","protected":false},"author":1,"featured_media":0,"parent":0,"menu_order":0,"comment_status":"closed","ping_status":"closed","template":"","meta":{"footnotes":""},"class_list":["post-600","page","type-page","status-publish","hentry"],"yoast_head":"<!-- This site is optimized with the Yoast SEO plugin v17.7.1 - https:\/\/yoast.com\/wordpress\/plugins\/seo\/ -->\n<title>Dofinansowanie ZUS - wordpressplugins<\/title>\n<meta name=\"robots\" content=\"index, follow, max-snippet:-1, max-image-preview:large, max-video-preview:-1\" \/>\n<link rel=\"canonical\" href=\"https:\/\/admix.waw.pl\/?page_id=600\" \/>\n<meta property=\"og:locale\" content=\"pl_PL\" \/>\n<meta property=\"og:type\" content=\"article\" \/>\n<meta property=\"og:title\" content=\"Dofinansowanie ZUS - wordpressplugins\" \/>\n<meta property=\"og:description\" content=\"W grudniu 2025 r. Admix sp. z o.o. podpisa\u0142a umow\u0119 dotycz\u0105c\u0105 dofinansowania z Funduszu Ubezpiecze\u0144 Spo\u0142ecznych z programu dofinansowania p\u0142atnik\u00f3w sk\u0142adek w ramach prewencji wypadkowej na realizacj\u0119 projektu pod tytu\u0142em &#8222;Bezpieczna budowa sieci ciep\u0142owniczych&#8221;. W ramach umowy Sp\u00f3\u0142ka otrzyma\u0142a dofinasowanie &hellip; Dofinansowanie ZUS Czytaj wi\u0119cej &raquo;\" \/>\n<meta property=\"og:url\" content=\"https:\/\/admix.waw.pl\/?page_id=600\" \/>\n<meta property=\"og:site_name\" content=\"wordpressplugins\" \/>\n<meta property=\"article:modified_time\" content=\"2026-04-16T12:01:54+00:00\" \/>\n<meta property=\"og:image\" content=\"https:\/\/admix.waw.pl\/wp-content\/uploads\/2026\/04\/image-1024x341.png\" \/>\n<meta name=\"twitter:card\" content=\"summary_large_image\" \/>\n<meta name=\"twitter:label1\" content=\"Szacowany czas czytania\" \/>\n\t<meta name=\"twitter:data1\" content=\"1 minuta\" \/>\n<script type=\"application\/ld+json\" class=\"yoast-schema-graph\">{\"@context\":\"https:\/\/schema.org\",\"@graph\":[{\"@type\":\"Organization\",\"@id\":\"https:\/\/admix.waw.pl\/#organization\",\"name\":\"ADMIX\",\"url\":\"https:\/\/admix.waw.pl\/\",\"sameAs\":[],\"logo\":{\"@type\":\"ImageObject\",\"@id\":\"https:\/\/admix.waw.pl\/#logo\",\"inLanguage\":\"pl-PL\",\"url\":\"https:\/\/admix.waw.pl\/wp-content\/uploads\/2024\/05\/Logo_transparent_frame-2.png\",\"contentUrl\":\"https:\/\/admix.waw.pl\/wp-content\/uploads\/2024\/05\/Logo_transparent_frame-2.png\",\"width\":2268,\"height\":725,\"caption\":\"ADMIX\"},\"image\":{\"@id\":\"https:\/\/admix.waw.pl\/#logo\"}},{\"@type\":\"WebSite\",\"@id\":\"https:\/\/admix.waw.pl\/#website\",\"url\":\"https:\/\/admix.waw.pl\/\",\"name\":\"wordpressplugins\",\"description\":\"Budowa sieci ciep\\u0142owniczych\",\"publisher\":{\"@id\":\"https:\/\/admix.waw.pl\/#organization\"},\"potentialAction\":[{\"@type\":\"SearchAction\",\"target\":{\"@type\":\"EntryPoint\",\"urlTemplate\":\"https:\/\/admix.waw.pl\/?s={search_term_string}\"},\"query-input\":\"required name=search_term_string\"}],\"inLanguage\":\"pl-PL\"},{\"@type\":\"ImageObject\",\"@id\":\"https:\/\/admix.waw.pl\/?page_id=600#primaryimage\",\"inLanguage\":\"pl-PL\",\"url\":\"https:\/\/admix.waw.pl\/wp-content\/uploads\/2026\/04\/image.png\",\"contentUrl\":\"https:\/\/admix.waw.pl\/wp-content\/uploads\/2026\/04\/image.png\",\"width\":1751,\"height\":583},{\"@type\":\"WebPage\",\"@id\":\"https:\/\/admix.waw.pl\/?page_id=600#webpage\",\"url\":\"https:\/\/admix.waw.pl\/?page_id=600\",\"name\":\"Dofinansowanie ZUS - wordpressplugins\",\"isPartOf\":{\"@id\":\"https:\/\/admix.waw.pl\/#website\"},\"primaryImageOfPage\":{\"@id\":\"https:\/\/admix.waw.pl\/?page_id=600#primaryimage\"},\"datePublished\":\"2026-04-16T11:59:04+00:00\",\"dateModified\":\"2026-04-16T12:01:54+00:00\",\"breadcrumb\":{\"@id\":\"https:\/\/admix.waw.pl\/?page_id=600#breadcrumb\"},\"inLanguage\":\"pl-PL\",\"potentialAction\":[{\"@type\":\"ReadAction\",\"target\":[\"https:\/\/admix.waw.pl\/?page_id=600\"]}]},{\"@type\":\"BreadcrumbList\",\"@id\":\"https:\/\/admix.waw.pl\/?page_id=600#breadcrumb\",\"itemListElement\":[{\"@type\":\"ListItem\",\"position\":1,\"name\":\"Home\",\"item\":\"https:\/\/admix.waw.pl\/\"},{\"@type\":\"ListItem\",\"position\":2,\"name\":\"Dofinansowanie ZUS\"}]}]}<\/script>\n<!-- \/ Yoast SEO plugin. -->","yoast_head_json":{"title":"Dofinansowanie ZUS - wordpressplugins","robots":{"index":"index","follow":"follow","max-snippet":"max-snippet:-1","max-image-preview":"max-image-preview:large","max-video-preview":"max-video-preview:-1"},"canonical":"https:\/\/admix.waw.pl\/?page_id=600","og_locale":"pl_PL","og_type":"article","og_title":"Dofinansowanie ZUS - wordpressplugins","og_description":"W grudniu 2025 r. Admix sp. z o.o. podpisa\u0142a umow\u0119 dotycz\u0105c\u0105 dofinansowania z Funduszu Ubezpiecze\u0144 Spo\u0142ecznych z programu dofinansowania p\u0142atnik\u00f3w sk\u0142adek w ramach prewencji wypadkowej na realizacj\u0119 projektu pod tytu\u0142em &#8222;Bezpieczna budowa sieci ciep\u0142owniczych&#8221;. W ramach umowy Sp\u00f3\u0142ka otrzyma\u0142a dofinasowanie &hellip; Dofinansowanie ZUS Czytaj wi\u0119cej &raquo;","og_url":"https:\/\/admix.waw.pl\/?page_id=600","og_site_name":"wordpressplugins","article_modified_time":"2026-04-16T12:01:54+00:00","og_image":[{"url":"https:\/\/admix.waw.pl\/wp-content\/uploads\/2026\/04\/image-1024x341.png"}],"twitter_card":"summary_large_image","twitter_misc":{"Szacowany czas czytania":"1 minuta"},"schema":{"@context":"https:\/\/schema.org","@graph":[{"@type":"Organization","@id":"https:\/\/admix.waw.pl\/#organization","name":"ADMIX","url":"https:\/\/admix.waw.pl\/","sameAs":[],"logo":{"@type":"ImageObject","@id":"https:\/\/admix.waw.pl\/#logo","inLanguage":"pl-PL","url":"https:\/\/admix.waw.pl\/wp-content\/uploads\/2024\/05\/Logo_transparent_frame-2.png","contentUrl":"https:\/\/admix.waw.pl\/wp-content\/uploads\/2024\/05\/Logo_transparent_frame-2.png","width":2268,"height":725,"caption":"ADMIX"},"image":{"@id":"https:\/\/admix.waw.pl\/#logo"}},{"@type":"WebSite","@id":"https:\/\/admix.waw.pl\/#website","url":"https:\/\/admix.waw.pl\/","name":"wordpressplugins","description":"Budowa sieci ciep\u0142owniczych","publisher":{"@id":"https:\/\/admix.waw.pl\/#organization"},"potentialAction":[{"@type":"SearchAction","target":{"@type":"EntryPoint","urlTemplate":"https:\/\/admix.waw.pl\/?s={search_term_string}"},"query-input":"required name=search_term_string"}],"inLanguage":"pl-PL"},{"@type":"ImageObject","@id":"https:\/\/admix.waw.pl\/?page_id=600#primaryimage","inLanguage":"pl-PL","url":"https:\/\/admix.waw.pl\/wp-content\/uploads\/2026\/04\/image.png","contentUrl":"https:\/\/admix.waw.pl\/wp-content\/uploads\/2026\/04\/image.png","width":1751,"height":583},{"@type":"WebPage","@id":"https:\/\/admix.waw.pl\/?page_id=600#webpage","url":"https:\/\/admix.waw.pl\/?page_id=600","name":"Dofinansowanie ZUS - wordpressplugins","isPartOf":{"@id":"https:\/\/admix.waw.pl\/#website"},"primaryImageOfPage":{"@id":"https:\/\/admix.waw.pl\/?page_id=600#primaryimage"},"datePublished":"2026-04-16T11:59:04+00:00","dateModified":"2026-04-16T12:01:54+00:00","breadcrumb":{"@id":"https:\/\/admix.waw.pl\/?page_id=600#breadcrumb"},"inLanguage":"pl-PL","potentialAction":[{"@type":"ReadAction","target":["https:\/\/admix.waw.pl\/?page_id=600"]}]},{"@type":"BreadcrumbList","@id":"https:\/\/admix.waw.pl\/?page_id=600#breadcrumb","itemListElement":[{"@type":"ListItem","position":1,"name":"Home","item":"https:\/\/admix.waw.pl\/"},{"@type":"ListItem","position":2,"name":"Dofinansowanie ZUS"}]}]}},"_links":{"self":[{"href":"https:\/\/admix.waw.pl\/index.php?rest_route=\/wp\/v2\/pages\/600","targetHints":{"allow":["GET"]}}],"collection":[{"href":"https:\/\/admix.waw.pl\/index.php?rest_route=\/wp\/v2\/pages"}],"about":[{"href":"https:\/\/admix.waw.pl\/index.php?rest_route=\/wp\/v2\/types\/page"}],"author":[{"embeddable":true,"href":"https:\/\/admix.waw.pl\/index.php?rest_route=\/wp\/v2\/users\/1"}],"replies":[{"embeddable":true,"href":"https:\/\/admix.waw.pl\/index.php?rest_route=%2Fwp%2Fv2%2Fcomments&post=600"}],"version-history":[{"count":2,"href":"https:\/\/admix.waw.pl\/index.php?rest_route=\/wp\/v2\/pages\/600\/revisions"}],"predecessor-version":[{"id":604,"href":"https:\/\/admix.waw.pl\/index.php?rest_route=\/wp\/v2\/pages\/600\/revisions\/604"}],"wp:attachment":[{"href":"https:\/\/admix.waw.pl\/index.php?rest_route=%2Fwp%2Fv2%2Fmedia&parent=600"}],"curies":[{"name":"wp","href":"https:\/\/api.w.org\/{rel}","templated":true}]}}